 be ((-2)/y)/((-1)/15). Suppose -s*p = 4*a - 131 - 40, -p - 2*a + 33 = 0. What is the tens digit of p?
3
Let s(w) = 7*w + 14. Suppose 5*t + y - 127 = 0, 3 = -0*y - y. What is the tens digit of s(t)?
9
What is the tens digit of (-1 - 5 - -5)/((-3)/1830)?
1
Suppose 0 = -5*k + k + 1700. What is the units digit of k?
5
Let x(c) = -c + 1. Let r be x(3). Let a be ((20 - 3) + r)*3. Let l = a + -21. What is the tens digit of l?
2
Let o(v) = -v**3 + 4*v**2 - v - 3. Let m be o(4). Let x = m + 57. What is the units digit of x?
0
Suppose 0 = 419*v - 424*v + 17960. What is the tens digit of v?
9
Suppose 6*w = 1567 + 2099. What is the hundreds digit of w?
6
Let o(v) = v**3 + 71*v**2 + 60*v + 101. What is the hundreds digit of o(-70)?
8
Let f = 68 + -70. What is the units digit of f/(-4)*(203 - -3)?
3
Suppose -39*n + 2807 = -32*n. What is the hundreds digit of n?
4
Let p(l) = l**3 - 5*l**2 - 4*l - 3. Suppose 3*j = 5*i - 18, i + 0*i + 6 = 3*j. Suppose 0 = h - i - 0. What is the units digit of p(h)?
9
Suppose 46497 = 144*g - 133*g. What is the units digit of g?
7
Suppose 3*t + 336 = b - 278, 3*b - 2*t - 1814 = 0. What is the units digit of b?
2
Let a(y) = 3*y**3 - 2*y**2 + 1. Let l be a(1). Suppose d - l*s = -4*s + 3, -s = -5*d + 15. Suppose 3*j + d = 12. What is the units digit of j?
3
Suppose 3*u = -0*u + 15. Suppose 44 = -u*q - j + 233, -4*j = -16. What is the units digit of q?
7
Let n(h) = -15 - 12 + 7*h**2 + 27 - 7*h - h**3. What is the tens digit of n(4)?
2
Let g(s) = -s**2 - 3*s + 7. Let l be g(-5). Let r be 3/(-9) - 85/l. What is the units digit of (-8)/r - (-384)/21?
8
Suppose -10*c - 4443 = -22523. What is the units digit of c?
8
Let s be 6/(-33) + 12/66. Suppose s*c = 4*m + 4*c - 324, 5*c = 2*m - 197. What is the units digit of m?
6
Suppose 322 = -7*i - 196. Let t = 106 + i. What is the tens digit of t?
3
Suppose z + 180 = 4*n, -3*z = -2*n + 89 + 1. Suppose 0 = -k + 4*c + n, -4*k - 6*c = -c - 117. What is the units digit of k/(-2)*(2 - 4)?
3
Let a(m) = m**3 + 4*m**2 + 3*m + 2. Let j be a(-3). Let k(s) = 6*s + 3*s**j - 6*s - 4*s. What is the units digit of k(3)?
5
Suppose -4*m - 3 = -v, 0*m + 15 = -3*v + 4*m. Let i be 162*(-4 - 42/v). Suppose 0 = -10*w + 6*w + i. What is the tens digit of w?
2
Let d be ((-5)/(-1))/(3/87). Suppose 3*u = -2*u + d. Suppose 2*c + 4*q = 42, 7*q - u = -c + 3*q. What is the units digit of c?
3
Let p(y) = y**3 - 9*y**2 + 8*y - 1. Let j be p(10). Suppose 3*b + 3*u - 41 = 2*b, -3*b + 5*u = -j. What is the tens digit of b?
5
Let j(s) = s**3 + 7*s**2 - 7*s - 4. Suppose 4*l + 28 = -2*o, -o = -4*o - 5*l - 37. What is the units digit of j(o)?
2
Let w(s) = -46*s - 10. Let k be w(-7). Suppose 4*u - 2*u - k = 0. What is the units digit of u?
6
Let p(c) = 5*c**3 + 4*c**2 + 10*c - 25. Let i(h) = 4*h**3 + 5*h**2 + 10*h - 24. Let a(s) = 6*i(s) - 5*p(s). What is the units digit of a(8)?
9
Let t(f) = 13*f**2 + 33*f - 417. What is the hundreds digit of t(11)?
5
Let m = -661 + 1147. What is the units digit of m?
6
Let x(q) = q**3 - 22*q**2 + 21*q + 54. What is the tens digit of x(27)?
6
Let t(r) = -5*r + 3. Let a be t(3). Let i be (-15)/(-20) - (-9)/a. Suppose 0*g + g = 2*z - 9, 5*z + 2*g - 27 = i. What is the units digit of z?
5
What is the units digit of 194 + (-1*3)/((-3)/4)?
8
Suppose 17*x - 42028 = -11*x. What is the tens digit of x?
0
Let m(t) = -3*t**2 - 11*t + 2*t**2 + 2*t**2 - 4 + 3*t**2. What is the units digit of m(5)?
1
Let g(w) = -w**3 - 6*w**2 + 5*w - 10. Let c be g(-7). Let l(u) = -3*u + 2 + 2*u + 4*u + 0. What is the units digit of l(c)?
4
Let w(q) = -37*q - 156. What is the hundreds digit of w(-10)?
2
Let z be 1/(-1 + (-9)/(-6)). Let p be (-3 - -6) + 2 - z. What is the units digit of (p/2)/((-12)/(-88))?
1
Suppose -4*r = -950 + 590. What is the units digit of r?
0
Suppose -3*l = -4*f - 2*l - 9, -l = -2*f - 5. What is the tens digit of f/(0 + 1) - (-93)/3?
2
Suppose -18*g + 437 + 5827 = 0. What is the units digit of g?
8
Suppose 0*z + 3*z - 9 = 0. Suppose -2*j + 10 = z*j. Suppose 2*t + 4*p = 5*t - 137, j*p = -2*t + 68. What is the units digit of t?
9
Suppose w + 3*y = -4*w, 0 = 4*y. Suppose t + r - 136 = 0, w*t = -t - 2*r + 132. Suppose -350 + t = -5*a. What is the units digit of a?
2
Suppose 5617 = -2*w + 4*w + q, -2*q = 6. What is the thousands digit of w?
2
Let f(i) = -5*i**3 - 6*i**2 + 3*i**3 + i**3 + 10 + 16*i**2 - i. Let s be f(10). Suppose 2*o - 4*n = 60, 4*o - 2*n - 96 = -s*n. What is the units digit of o?
2
Let o(l) = -l + 4. Let w be o(2). Suppose -4*t + 3*c + 144 = 27, w*t - 58 = 2*c. What is the units digit of t?
0
Suppose 86 = 2*r + 3*i - 751, 4*r + 3*i - 1671 = 0. What is the tens digit of r?
1
Let x(p) = -114*p + 14. What is the units digit of x(-3)?
6
Let m = -32 + 23. Let c = m - -9. Suppose f + l - 25 = 0, -4*f + 85 = l - c*l. What is the units digit of f?
0
Suppose 4*v = -11 + 27. Suppose -2*m - 443 = -3*n, n - 713 = -v*n - 3*m. What is the tens digit of n?
4
Suppose 25 = 5*f - 5*v, -3*v = f + 2*v + 25. Suppose f*w = 2*w - 32. Let q = w + -11. What is the units digit of q?
5
Let t be ((-6)/12)/(1/12). Let v be ((-228)/18)/(t/9). Let i = -16 + v. What is the units digit of i?
3
Let h = -38 + 31. Let p(i) = 3*i**2 + 10*i + 9. What is the units digit of p(h)?
6
Suppose -6*v + 706 = -74. Let w = v - 90. What is the units digit of w?
0
Let n(j) be the third derivative of -j**6/120 + j**5/6 - j**4/4 - 3*j**3/2 - 8*j**2. Let m be n(9). Let o = m + 16. What is the units digit of o?
4
Let v be (-2)/(-4)*(-2 + 2). Suppose -k + 9 = t, -k - 4*t = -v*t - 12. What is the tens digit of (-4)/(k/(-2))*55?
5
Let m be (-4 + -2)*(-4)/(-3). Let a be (-3)/2*m/6. Suppose -4*c = -a*c - 14. What is the units digit of c?
7
Let r be (-32)/24*(-1542)/8. Suppose r = z - 126. Suppose 0 = -u - 4*x + 45, 5*u + 137 = x + z. What is the units digit of u?
9
Let t(m) = -m**2 + 4*m + 2. Let q be t(4). Suppose -a - q = 0, 2*v = -2*a - a + 8. What is the units digit of v?
7
Suppose 22*f = 18*f + 84. Suppose -f*m + 1704 = -9*m. What is the tens digit of m?
4
Let r(a) = -23*a**2 + 17*a - 7. Let s(q) = 12*q**2 - 9*q + 4. Let x(v) = -6*r(v) - 11*s(v). What is the tens digit of x(-3)?
6
Suppose d - 380 = -4*v - 3*d, -5*v + 430 = -4*d. Let y = v - 41. What is the tens digit of y?
4
Suppose 4*l = 5*h - 45, 0*l - 30 = l - 5*h. Let p(j) = 5*j**2 + 3. What is the units digit of p(l)?
8
Let y be (22/(-6))/((-10)/6480). Suppose -6*h + y = 6*h. What is the units digit of h?
8
Let v = -708 + 1131. What is the hundreds digit of v?
4
Let d(s) = 41*s - 2. Let v = 15 - 10. Suppose v*f = 6*f - 1. What is the units digit of d(f)?
9
Let b(n) = -46*n + 3. Let r be b(-5). Suppose -5*s + 4*y = -281, y + 4*y - r = -4*s. What is the units digit of s?
7
Let a(s) = 9*s + 1. Let c be a(-1). Let j = -14 - c. Let y = j - -37. What is the units digit of y?
1
Suppose 4*t - 4400 = -6*t. What is the hundreds digit of t?
4
Let v(m) = m**3 + 9*m**2 - 5*m + 5. Let q be -5*(0 - (-4 - -3)). Let d be v(q). Suppose -d = -9*y + 4*y. What is the units digit of y?
6
Let j(v) = v**2 - 5*v + 6. Let x be j(5). Let i = 15 + x. Suppose -4 = f - i. What is the units digit of f?
7
Let d be 4/(-2) + 11 - 5. Suppose 0 = -d*b - 16, 3*b + 132 = 4*g - 3*g. What is the tens digit of g?
2
Let h be (58/(-3))/((-4)/6). Suppose -5*k - h = 46. Let o = k + 27. What is the units digit of o?
2
Let z(i) = 3*i - 20. Let u be z(-7). Let l = 105 - u. What is the hundreds digit of l?
1
Let h(k) = k**2 - 8*k + 25. Let s be h(6). Suppose 2538 = -4*b + s*b. What is the units digit of b?
2
Let i = -1 + 14. Let z = 9 - i. What is the units digit of z/3*6/(-4)?
2
Let i = -56 - -61. Suppose -r + 7 = -6*r + 3*u, 5*u = -i*r + 25. What is the units digit of r?
1
What is the thousands digit of (-60)/45*(-22293)/12?
2
Let r be 0 - -1 - (-1)/(-1). Let k(t) = 2*t**2 + t + 37. What is the tens digit of k(r)?
3
Let p be ((-1 + 1)/(-1))/(-2). Suppose -4*i - 3*k + 2*k + 13 = p, 0 = 2*k - 2. Suppose 2*c - 5*q - 12 = -0*q, 0 = 5*c + q - i. What is the units digit of c?
1
Suppose 2*d = -2*s + 2253 + 243, -4*d = -2*s - 4998. What is the hundreds digit of d?
2
Let z = 119 + -76. Suppose -2*g - 2*g = 132. Let a = z + g. What is the tens digit of a?
1
Let c(i) = -5*i + 458. What is the hundreds digit of c(60)?
1
Let b be 0/(3 - (-3 - -